-13232112
Convert -1200773 (base 8) to base 14.
-8785d
Convert 125184 (base 12) to base 16.
490b4
72636 (base 9) to base 4
23230200
Convert 11507 (base 14) to base 15.
c74c
-ca02 (base 13) to base 3
-1102111010
Convert 513a (base 15) to base 7.
101005
Convert 1220121102 (base 4) to base 8.
1503122
-b8408 (base 12) to base 9
-408578
What is 18a852 (base 12) in base 15?
8855e
Convert 1220878 (base 10) to base 9.
2260651
Convert 2623148 (base 9) to base 14.
294134
-1521da (base 14) to base 7
-6153063
10000010001100001011011 (base 2) to base 14
7d0999
Convert 10100010011000000100110 (base 2) to base 16.
513026
Convert -28b954 (base 14) to base 7.
-15012234
What is -1001221210220 (base 3) in base 15?
-b3d10
What is -63543105 (base 7) in base 12?
-197a713
What is 1110220020002 (base 3) in base 14?
166289
474720 (base 8) to base 4
213213100
Convert 3b414 (base 12) to base 3.
11011012221
What is 19848 (base 14) in base 10?
64744
What is -156392 (base 12) in base 6?
-11442302
What is -78136a0 (base 11) in base 13?
-2abca26
Convert -434140201 (base 5) to base 13.
-503ba6
What is 22002212101 (base 3) in base 4?
212331001
Convert 5528b (base 16) to base 10.
348811
Convert 4a7c (base 13) to base 10.
10581
Convert -11110101111110100 (base 2) to base 16.
-1ebf4
What is -252361 (base 9) in base 7?
-1204033
What is -10300430113 (base 5) in base 14?
-1651312
-11a712 (base 14) to base 8
-2235614
Convert 15a713 (base 11) to base 4.
330221223
What is 10001011011100011 (base 2) in base 8?
213343
Convert 8554638 (base 9) to base 11.
2650318
-14010074 (base 10) to base 4
-311130123122
Convert -23173 (base 10) to base 11.
-16457
What is 103042231 (base 5) in base 7?
3512502
What is 251422004 (base 6) in base 8?
22354424
-7a572 (base 11) to base 2
-11100011100000001
102101221021 (base 3) to base 12
a9ab1
3517573 (base 10) to base 9
6551174
Convert -2746263 (base 11) to base 3.
-22220200102001
Convert -2202333121 (base 4) to base 5.
-132330414
Convert -300e49 (base 15) to base 9.
-4256366
Convert -768600 (base 11) to base 7.
-13266012
276e8 (base 15) to base 7
1034432
Convert 3468c7 (base 13) to base 16.
12f6c4
What is 2221011120 (base 3) in base 10?
57714
What is -1272663 (base 8) in base 13?
-c6b2c
What is 13650 (base 14) in base 2?
1011101100010110
Convert -2201112212102 (base 3) to base 15.
-1d8e32
Convert 257588 (base 9) to base 2.
100110001101001011
-2bd8c6 (base 14) to base 9
-2800444
What is -203b293 (base 12) in base 6?
-333425503
Convert 47121717 (base 8) to base 11.
588172a
What is 101111010111111110000 (base 2) in base 13?
42477c
Convert -202210022 (base 4) to base 8.
-424412
-606b45 (base 12) to base 13
-409040
What is -204104 (base 5) in base 16?
-1a7b
Convert -41324184 (base 9) to base 6.
-1545332551
Convert 257ce0 (base 16) to base 3.
11121211002121
542ab8 (base 14) to base 12
b5564a
Convert -127782 (base 12) to base 13.
-a81b8
Convert 1204515 (base 7) to base 15.
3047c
Convert -2310331333 (base 4) to base 8.
-2647577
What is 14b64 (base 16) in base 4?
110231210
Convert -44210 (base 11) to base 10.
-64141
Convert -1100011000000001110101 (base 2) to base 12.
-1105499
Convert 5d27b9 (base 14) to base 11.
1892957
112210144 (base 5) to base 2
1111011110000101100
-143918 (base 11) to base 7
-1624102
Convert 255241 (base 10) to base 5.
31131431
What is -2822134 (base 10) in base 13?
-77a703
Convert 166134 (base 7) to base 14.
c21b
-10b573 (base 16) to base 13
-2c455b
688f50 (base 16) to base 2
11010001000111101010000
What is 21a80a (base 11) in base 2?
1010101101100110111
-126c5bc (base 14) to base 13
-1ab729a
-286097 (base 15) to base 9
-3582767
What is -2334404 (base 5) in base 15?
-cb89
1402254 (base 6) to base 5
10001143
-4531 (base 11) to base 6
-43335
-123001000 (base 4) to base 7
-640420
Convert 11001100010110010001 (base 2) to base 11.
521948
1442121552 (base 6) to base 12
60502b8
What is 1a4887 (base 12) in base 5?
104324414
2635617 (base 8) to base 10
736143
Convert 1101110020111 (base 3) to base 6.
23444534
Convert 4e651 (base 16) to base 11.
1aa284
What is 10003233 (base 5) in base 11?
54036
Convert -1011010001111000 (base 2) to base 8.
-132170
What is 1152052014 (base 6) in base 12?
453400a
What is 3161560 (base 11) in base 7?
65210121
Convert -2142232423 (base 5) to base 4.
-101233002121
What is 10101110111011011111 (base 2) in base 13?
1c1193
What is 110010001111011010001 (base 2) in base 15?
227bc9
-2336d (base 16) to base 4
-203031231
Convert 520620 (base 7) to base 15.
1b630
-202101113 (base 4) to base 2
-100010010001010111
What is -20671 (base 10) in base 7?
-114160
Convert -2e7bd8 (base 16) to base 11.
-17a0859
What is 1100111000011101 (base 2) in base 15?
1097a
-aae27 (base 15) to base 2
-10000100100111010011
1100201000112 (base 3) to base 15
e40d8
Convert 471333 (base 10) to base 16.
73125
What is 100000111011000101 (base 2) in base 9?
224876
257ec4 (base 15) to base 7
21201262
-5d51c1 (base 16) to base 3
-102111201021021
What is 230872 (base 9) in base 7?
1114526
-32163514 (base 7) to base 4
-22130203321
Convert -3941c (base 15) to base 6.
-3532013
Convert -220422 (base 6) to base 3.
-221002212
What is -111010001011110101 (base 2) in base 10?
-238325
6602876 (base 9) to base 13
971802
Convert -13400144323 (base 5) to base 11.
-9783989
51456 (base 11) to base 8
222511
Convert 56478 (base 14) to base 16.
3321a
What is 7f3e58 (base 16) in base 7?
130611022
What is 1865493 (base 11) in base 7?
35550262
Convert 12221121001 (base 3) to base 7.
665215
620506 (base 8) to base 12
9a85a
What is 5a94d5 (base 14) in base 7?
35224555
Convert 425b82 (base 12) to base 3.
1222012101022
571153 (base 8) to base 7
1433031
Convert 1011000011111000 (base 2) to base 12.
22274
What is 30123034 (base 6) in base 7?
10142413
2101220111202 (base 3) to base 10
1277579
What is -1d931c (base 14) in base 7?
-12013535
What is 525353145 (base 6) in base 12?
31087b5
What is 1384cd (base 14) in base 15?
d545e
Convert -11443234242 (base 5) to base 15.
-12e939c
Convert -2330023132 (base 4) to base 13.
-20caac
What is 3329a5 (base 11) in base 12?
217312
Convert 13114104 (base 5) to base 6.
2434303
What is -321021230 (base 4) in base 14?
-6144c
What is -10242533 (base 7) in base 10?
-867716
Convert -60a4 (base 13) to base 6.
-141352
211124413 (base 5) to base 12
3652bb
What is 4a4592 (base 13) in base 7?
21064030
What is -6220412 (base 7) in base 12?
-2baa2b
What is 62ac38 (base 13) in base 12?
934225
What is 14464256 (base 7) in base 3?
2120222021112
Convert -1152134 (base 6) to base 5.
-3431102
-173275 (base 8) to base 12
-30679
-460793 (base 11) to base 13
-1c8837
Convert -3580b (base 12) to base 2.
-10001100101001011
What is 167aaa (base 14) in base 2?
11000000110010000110
Convert -127709 (base 13) to base 6.
-13312042
Convert -1218b3 (base 14) to base 3.
-1011110021120
What is -5415235 (base 6) in base 2?
-1000001001001100111
Convert 13594e (base 15) to base 16.
e31b0
What is 1c5a93a (base 13) in base 6?
534303502
What is 56b8 (base 13) in base 9?
17600
Convert -11001221112 (base 3) to base 5.
-10031100
Convert 420757 (base 8) to base 5.
13433014
Convert 10101011111100011 (base 2) to base 12.
42b43
What is 2959656 (base 10) in base 4?
23102210220
What is 9d317 (base 14) in base 10?
382025
Convert 61b5bb (base 12) to base 13.
419072
What is 52375 (base 10) in base 6?
1042251
150250 (base 7) to base 8
70421
-2215d0 (base 15) to base 9
-3045586
Convert 110301230 (base 4) to base 8.
246154
Convert -3041334 (base 6) to base 14.
-3b04a
Convert 90769 (base 13) to base 16.
3f10f
What is -a1904 (base 15) in base 9?
-858764
Convert -16353234 (base 8) to base 2.
-1110011101011010011100
What is -54352420 (base 6) in base 3?
-10001010200210
Convert -10523717 (base 8) to base 11.
-1311412
What is -212112201101 (base 3) in base 7?
-3640063
Convert -505245 (base 9) to base 11.
-194793
What is -2644113 (base 8) in base 16?
-b484b
212221002001 (base 3) to base 13
1364bc
What is -122000310 (base 5) in base 9?
-1071130
What is 57317 (base 14) in base 15?
42bb7
Convert -51001010 (base 6) to base 10.
-1446558
798339a (base 11) to base 10
13971979
What is -2932547 (base 10) in base 13?
-7b8a47
-10113331212 (base 4) to base 11
-713609
-2a9b89 (base 12) to base 2
-10110000010101011001
What 